) in base 16?
-1a9
What is -c568 (base 13) in base 9?
-41387
Convert -21610 (base 7) to base 13.
-262c
-59a9 (base 14) to base 3
-210110000
What is 6 (base 15) in base 3?
20
-3333 (base 5) to base 4
-13110
-3dbd (base 15) to base 3
-200010221
What is 2014 (base 13) in base 3?
20001101
15a1 (base 11) to base 9
2724
-245 (base 8) to base 9
-203
What is -30442 (base 5) in base 13?
-ba8
What is -a8c (base 16) in base 8?
-5214
Convert -767 (base 10) to base 6.
-3315
-2438 (base 14) to base 11
-4828
Convert -9bd (base 15) to base 10.
-2203
Convert -202001 (base 4) to base 3.
-2222122
What is -cb (base 16) in base 13?
-128
Convert 12 (base 7) to base 3.
100
Convert 1011220011 (base 3) to base 15.
6d51
Convert -2b0 (base 14) to base 16.
-222
-958 (base 10) to base 15
-43d
What is -133103 (base 5) in base 2?
-1010100011011
Convert 201 (base 3) to base 15.
14
-17 (base 10) to base 13
-14
Convert 6da0 (base 14) to base 10.
19152
-34670 (base 8) to base 16
-39b8
12677 (base 14) to base 3
2021222112
What is -215231 (base 7) in base 5?
-2202400
-21025 (base 6) to base 15
-c85
Convert 1645 (base 9) to base 11.
a42
Convert -1101000110010101 (base 2) to base 5.
-3204103
What is -32122 (base 5) in base 15?
-992
-142344 (base 5) to base 6
-43354
What is 78 (base 10) in base 4?
1032
1c54 (base 15) to base 16
180a
23213 (base 5) to base 9
2270
What is 841 (base 12) in base 14?
61b
Convert -7027 (base 8) to base 2.
-111000010111
10407 (base 8) to base 7
15465
What is -111100102 (base 3) in base 2?
-10011000000011
-11103 (base 5) to base 10
-778
-12a0 (base 16) to base 4
-1022200
11510 (base 6) to base 8
3242
Convert 8950 (base 10) to base 3.
110021111
What is 230113 (base 4) in base 12?
1787
What is 100110001111 (base 2) in base 12?
14bb
What is 1 (base 5) in base 13?
1
Convert -499 (base 11) to base 16.
-250
-2544 (base 7) to base 13
-591
-70440 (base 8) to base 9
-43647
What is -10000001 (base 3) in base 11?
-170a
-25533 (base 6) to base 2
-111100100001
202 (base 13) to base 3
110121
2a8 (base 13) to base 4
13130
What is 105050 (base 7) in base 16?
487d
Convert 1ce (base 15) to base 16.
1a3
302401 (base 5) to base 10
9726
Convert 200 (base 3) to base 9.
20
What is -19c9 (base 14) in base 11?
-357a
Convert -15246 (base 8) to base 9.
-10320
Convert 23420 (base 7) to base 4.
1132121
Convert 1001212 (base 3) to base 12.
54b
75a (base 13) to base 10
1258
What is 41323 (base 5) in base 10?
2713
248 (base 10) to base 7
503
-335523 (base 7) to base 13
-21189
-123553 (base 9) to base 11
-51230
Convert -1b6 (base 14) to base 7.
-1016
Convert 36024 (base 8) to base 7.
62561
515 (base 11) to base 9
760
What is -1481 (base 9) in base 10?
-1126
-515 (base 11) to base 5
-4441
What is 2430 (base 10) in base 13?
114c
What is -48d6 (base 15) in base 11?
-10712
What is -20332 (base 5) in base 9?
-1751
Convert 4022 (base 15) to base 9.
20505
Convert c427 (base 13) to base 12.
13801
b4 (base 15) to base 2
10101001
-2120 (base 3) to base 12
-59
a423 (base 12) to base 10
17883
27a (base 12) to base 9
464
-101 (base 2) to base 6
-5
What is -103553 (base 6) in base 16?
-21bd
Convert 6857 (base 11) to base 16.
2338
Convert 11671 (base 9) to base 5.
222330
What is -3469 (base 13) in base 3?
-101002101
Convert -111322022 (base 4) to base 9.
-146078
What is -1650 (base 9) in base 3?
-1201200
-1001100000 (base 2) to base 10
-608
What is 146 (base 11) in base 7?
333
What is 101210 (base 4) in base 3?
1112122
Convert -3973 (base 16) to base 4.
-3211303
Convert 2ca (base 15) to base 3.
212201
-93 (base 14) to base 8
-201
Convert 2c0c (base 15) to base 5.
300322
What is 4693 (base 10) in base 4?
1021111
Convert -1607 (base 13) to base 14.
-125c
Convert -1012313 (base 4) to base 2.
-1000110110111
23f (base 16) to base 14
2d1
What is -350123 (base 6) in base 4?
-13102203
What is -2b9 (base 13) in base 5?
-3430
147 (base 9) to base 12
a4
12411 (base 5) to base 15
456
Convert -1171 (base 9) to base 7.
-2356
What is 167 (base 15) in base 12?
22a
What is 3312112 (base 4) in base 14?
5a62
Convert bda (base 14) to base 9.
3188
23 (base 9) to base 6
33
-1100001100011 (base 2) to base 5
-144433
Convert 3302 (base 6) to base 2.
1011110110
Convert -4600 (base 7) to base 3.
-2021201
Convert -147 (base 13) to base 16.
-e4
What is 25aa3 (base 12) in base 7?
303441
1ad1 (base 15) to base 10
5821
What is 14101 (base 5) in base 12?
7bb
1111110111101 (base 2) to base 5
230000
Convert 3503 (base 6) to base 16.
33f
Convert 1b91 (base 15) to base 6.
43414
-1132311 (base 4) to base 16
-17b5
360345 (base 7) to base 16
fdef
What is -15753 (base 12) in base 14?
-b14b
What is 8751 (base 11) in base 9?
16754
What is 22002121 (base 3) in base 14?
2218
What is 11261 (base 8) in base 3?
20120020
What is -101122012 (base 3) in base 15?
-246e
Convert -521 (base 13) to base 15.
-3d2
-344 (base 11) to base 13
-258
What is -2048 (base 9) in base 6?
-10542
Convert -14ab7 (base 13) to base 15.
-b929
Convert -4142 (base 5) to base 9.
-667
Convert 78a3 (base 13) to base 10.
16864
-743 (base 9) to base 5
-4411
Convert 200021 (base 3) to base 10.
493
Convert 1893 (base 13) to base 16.
e55
Convert 2620 (base 15) to base 4.
1333002
What is -400 (base 8) in base 15?
-121
10024 (base 5) to base 14
339
Convert -346 (base 11) to base 13.
-25a
Convert bc (base 15) to base 16.
b1
1011101000 (base 2) to base 6
3240
-7b09 (base 12) to base 5
-414224
-1000011111011 (base 2) to base 12
-2623
What is -133a (base 11) in base 13?
-a38
What is -56d (base 16) in base 9?
-1813
1775 (base 13) to base 16
d94
What is 1433 (base 7) in base 12?
3ab
Convert 36630 (base 7) to base 8.
22550
What is -2010 (base 14) in base 6?
-41250
What is 2012 (base 3) in base 13?
47
10565 (base 7) to base 3
10200202
What is 21100 (base 4) in base 15?
297
What is 13143 (base 5) in base 14?
54c
Convert -12321 (base 4) to base 9.
-540
-8a23 (base 11) to base 10
-11883
Convert -22100 (base 3) to base 15.
-100
-1220 (base 12) to base 11
-1595
Convert -22010220 (base 3) to base 7.
-23211
What is -1302 (base 8) in base 4?
-23002
-330443 (base 5) to base 12
-66b9
Convert -c3 (base 15) to base 7.
-351
-102021 (base 9) to base 6
-1144114
Convert -3210223 (base 4) to base 10.
-14635
What is 1011101 (base 2) in base 15?
63
What is 140141 (base 7) in base 13?
c098
Convert -10222 (base 4) to base 13.
-19c
What is 6185 (base 10) in base 4?
1200221
What is -11110100110 (base 2) in base 5?
-30313
Convert -247263 (base 8) to base 10.
-85683
What is -401061 (base 7) in base 14?
-1a8d8
11220001 (base 3) to base 8
6755
-10476 (base 8) to base 11
-3353
What is -11010011 (base 2) in base 14?
-111
Convert 426240 (base 7) to base 16.
121e6
-7d7c (base 15) to base 7
-140514
What is 5242 (base 8) in base 15?
c17
Convert -10011001 (base 2) to base 4.
-2121
Convert -52259 (base 10) to base 13.
-1aa2c
What is 200022201 (base 3) in base 15?
3e57
24 (base 13) to base 9
33
Convert -3215 (base 11) to base 6.
-31403
-1686 (base 12) to base 11
-202a
Convert 4e4 (base 15) to base 11.
923
-186 (base 16) to base 4
-12012
Convert -119aa (base 12) to base 11.
-16a49
Convert 10020021 (base 3) to base 13.
10c3
Convert -185c (base 16) to base 8.
-14134
-10012212 (base 3) to base 9
-3185
What is 848 (base 9) in base 7?
2006
430 (base 5) to base 12
97
1203230 (base 4) to base 14
247a
What is 7726 (base 14) in base 13?
94c9
46a (base 14) to base 11
729
3047 (base 8) to base 9
2140
Convert -3f2 (base 16) to base 12.
-702
-9251 (base 16) to base 13
-14084
Convert 128 (base 12) to base 8.
260
-61255 (base 7) to base 13
-6a12
Convert 210000 (base 8) to base 15.
15972
-824d (base 16) to base 11
-23075
Convert 320c (base 14) to base 2.
10000110111100
Convert b03 (base 16) to base 3.
10212102
Convert -b84 (base 15) to base 12.
-1607
What is -10a43 (base 11) in base 7?
-64231
924 (base 11) to base 4
101123
What is 1101111100111111 (base 2) in base 9?
86351
582 (base 13) to base 9
1266
What is -1411 (base 8) in base 2?
-1100001001
What is -12230 (base 4) in base 11?
-35a
-10534 (base 6) to base 8
-2732
What is -110011011110100 (base 2) in base 3?
-1100011011
What is -16213 (base 8) in base 5?
-213212
What is 1111110001011 (base 2) in base 15?
25d5
What is 41044 (base 6) in base 2?
1010100110100
13462 (base 8) to base 6
43254
Wh